{"id":9466,"date":"2024-01-30T21:39:06","date_gmt":"2024-01-30T20:39:06","guid":{"rendered":"https:\/\/eubias.org\/NEUBIAS\/?page_id=9466"},"modified":"2024-01-30T21:39:06","modified_gmt":"2024-01-30T20:39:06","slug":"common-statement-globias-and-neubias","status":"publish","type":"page","link":"https:\/\/eubias.org\/NEUBIAS\/resources\/common-statement-globias-and-neubias\/","title":{"rendered":"Common Statement GloBIAS and NEUBIAS"},"content":{"rendered":"<h1 id=\"h.yfer72uesbjd\" class=\"zfr3Q CDt4Ke \" dir=\"ltr\" role=\"presentation\"><span class=\"C9DxTc aw5Odc \">Common Statement about the relationship of GloBIAS and NEUBIAS<\/span><\/h1>\n<p>&nbsp;<\/p>\n<p class=\"zfr3Q CDt4Ke \" dir=\"ltr\"><span class=\"C9DxTc \">The Global BioImage Analysts\u2019 Society (GloBIAS) is a non-profit association currently in preparation. It aims to officially launch as a registered society in the next 2 years, and to become a worldwide scientific society for everyone interested in bioimage analysis.\u00a0<\/span><\/p>\n<p class=\"zfr3Q CDt4Ke \" dir=\"ltr\"><span class=\"C9DxTc \">This project is based on the successful initiative &#8220;Network of European Bioimage Analysts&#8221; (NEUBIAS), started in 2016 and supported through COST Action #15124. GloBIAS aims to pursue the NEUBIAS activities worldwide with the same spirit and discipline, provide the community with a sustainable base (educationally and financially) through a formal Society, and welcome scientists involved in bioimage analysis worldwide. Initial funding for the foundation process has been provided by the Chan Zuckerberg Initiative (<\/span><a class=\"XqQF9c\" href=\"https:\/\/chanzuckerberg.com\/imaging\/society-for-knowledge-exchange-in-bioimage-analysis\/\" target=\"_blank\" rel=\"noopener\"><span class=\"C9DxTc \">https:\/\/chanzuckerberg.com\/imaging\/society-for-knowledge-exchange-in-bioimage-analysis\/<\/span><\/a><span class=\"C9DxTc \">) for the first two years, after which the Society aims to be sustained by membership fees and revenues from other activities e.g. from scientific consulting and training.<\/span><\/p>\n<p class=\"zfr3Q CDt4Ke \" dir=\"ltr\"><span class=\"C9DxTc \">The core of the NEUBIAS concept has been in the triangular interaction between three different types of experts in the Bioimage Analysis domain from academia and industry. 1)\u00a0<\/span><span class=\"C9DxTc \">Bioimage Analysts<\/span><span class=\"C9DxTc \">: those who are experts in using various analysis tools, such as open-source software or computational infrastructures, to tackle life science questions and extract quantitative measurements of biological systems using image data. 2)\u00a0<\/span><span class=\"C9DxTc \">Bioimage Analysis Software Developers<\/span><span class=\"C9DxTc \">: Experts with strong backgrounds in computational science and programming, who implement new software tools and utilities for bioimage analysis, and maintain those resources. 3)\u00a0<\/span><span class=\"C9DxTc \">Life and Imaging Scientists<\/span><span class=\"C9DxTc \">: life scientists and imaging experts, whose major work is in \u201cwet lab\u201d research or on developing and maintaining microscope systems, but have strong interests in bioimage analysis. Some conduct more-than-professional-level software implementations and apply those custom tools to their biological questions. Note that these distinctions in expertise by three types are not exclusive. Some experts may take on multiple roles in the above-mentioned domains, based on their level of expertise and research interests. All these experts are expected to conduct their activities following FAIR principles.<\/span><\/p>\n<p class=\"zfr3Q CDt4Ke \" dir=\"ltr\"><span class=\"C9DxTc \">The reciprocal exchange of ideas, techniques, and feedback between these different types of experts has been the core concept and the driving force of NEUBIAS, where various activities have been realised to promote interdisciplinary communications. The implementations of this core concept have flourished as successful outcomes such as: Symposia, Training Schools, BIII database, BIAFLOWS, F1000 NEUBIAS Gateways, Textbooks, and NEUBIAS Academy webinar series. Above all, NEUBIAS activities and training focused on defining and empowering the new professionals of &#8220;Bioimage Analysis&#8221; in the life sciences. By now, more \u201cBioimage Analysts\u201d are becoming visible worldwide, including those who do not recognize themselves as such. GloBIAS aims to use the core concept of NEUBIAS, scale up the size and reach of the community, and deliver its novel value at a global scale.\u00a0<\/span><\/p>\n<p class=\"zfr3Q CDt4Ke \" dir=\"ltr\"><span class=\"C9DxTc \">Some of the activities of GloBIAS already planned include 1) Knowledge exchange between members, 2) Creation and maintenance of a repository of training materials, 3) Consolidating standards for bioimage analysis, 4) Regularly organizing in-person workshops, and 5) Regular online events. These activities will be taken into action by various working groups of GloBIAS, each constituted by the future members of GloBIAS society.<\/span><\/p>\n<p class=\"zfr3Q CDt4Ke \" dir=\"ltr\"><span class=\"C9DxTc \">Bridging NEUBIAS and GloBIAS<\/span><\/p>\n<p class=\"zfr3Q CDt4Ke \" dir=\"ltr\"><span class=\"C9DxTc \">Based on the joint online meeting of CZI-GloBIAS and NEUBIAS core members on 4th December 2023, we agreed on the following items, including the relationships between the two entities.\u00a0<\/span><\/p>\n<ol class=\"n8H08c BKnRcf \">\n<li class=\"zfr3Q TYR86d lsiHE \" dir=\"ltr\">\n<p class=\"zfr3Q CDt4Ke \" dir=\"ltr\" role=\"presentation\"><span class=\"C9DxTc \">The Principal investigator (PI) and Co-Principal Investigators (Co-PIs), who were the proposers of the CZI grant, and the community manager, constitute the CZI GloBIAS Steering Committee (Hereby GSC)<\/span><span class=\"C9DxTc \">.<\/span><\/p>\n<\/li>\n<li class=\"zfr3Q TYR86d lsiHE \" dir=\"ltr\">\n<p class=\"zfr3Q CDt4Ke \" dir=\"ltr\" role=\"presentation\"><span class=\"C9DxTc \">The primary aim of the GSC is to officially launch GloBIAS by registering the Society and ensuring the execution of the milestones proposed in the CZI grant application during the next two years.<\/span><\/p>\n<\/li>\n<li class=\"zfr3Q TYR86d lsiHE \" dir=\"ltr\">\n<p class=\"zfr3Q CDt4Ke \" dir=\"ltr\" role=\"presentation\"><span class=\"C9DxTc \">GloBIAS aims to be established as a non-profit association. Its charter will incorporate the spirit of NEUBIAS, adapting them to the global bioimage analysis landscape<\/span><span class=\"C9DxTc \">.<\/span><\/p>\n<\/li>\n<li class=\"zfr3Q TYR86d lsiHE \" dir=\"ltr\">\n<p class=\"zfr3Q CDt4Ke \" dir=\"ltr\" role=\"presentation\"><span class=\"C9DxTc \">The GSC proposes to work together with the members of NEUBIAS to achieve a continuation of the activities offered by NEUBIAS at the global level.<\/span><\/p>\n<\/li>\n<li class=\"zfr3Q TYR86d lsiHE \" dir=\"ltr\">\n<p class=\"zfr3Q CDt4Ke \" dir=\"ltr\" role=\"presentation\"><span class=\"C9DxTc \">Once the Society is up and running, its members will decide on the governance, organization, and tools of the society, including resource management and offered interactions with the bioimage analysis community.\u00a0<\/span><\/p>\n<\/li>\n<li class=\"zfr3Q TYR86d lsiHE \" dir=\"ltr\">\n<p class=\"zfr3Q CDt4Ke \" dir=\"ltr\" role=\"presentation\"><span class=\"C9DxTc \">The Society will apply for additional funding to create more opportunities, and aims to sustain the continuation of all the activities offered by NEUBIAS e.g. training schools, symposia, taggathons\/hackathons, if the members agree on this continuation.<\/span><\/p>\n<\/li>\n<li class=\"zfr3Q TYR86d lsiHE \" dir=\"ltr\">\n<p class=\"zfr3Q CDt4Ke \" dir=\"ltr\" role=\"presentation\"><span class=\"C9DxTc \">Initially, GloBIAS will concentrate on the milestones of the CZI grant and would like to involve any member of the bioimage analysis community, including previous NEUBIAS members, interested to contribute in its work.\u00a0\u00a0<\/span><\/p>\n<\/li>\n<li class=\"zfr3Q TYR86d lsiHE \" dir=\"ltr\">\n<p class=\"zfr3Q CDt4Ke \" dir=\"ltr\" role=\"presentation\"><span class=\"C9DxTc \">During this process of preparation of the Society, the engagement with new potential members, especially those at an early career stage, will be intensified, to encourage the new generation of Bioimage Analysts to join and contribute to the Society.\u00a0<\/span><\/p>\n<\/li>\n<li class=\"zfr3Q TYR86d lsiHE \" dir=\"ltr\">\n<p class=\"zfr3Q CDt4Ke \" dir=\"ltr\" role=\"presentation\"><span class=\"C9DxTc \">The GSC will work to connect to the relevant global initiatives, communities and infrastructures to engage the image analysts across the globe in the creation and organization of GloBIAS.<\/span><\/p>\n<\/li>\n<li class=\"zfr3Q TYR86d lsiHE \" dir=\"ltr\">\n<p class=\"zfr3Q CDt4Ke \" dir=\"ltr\" role=\"presentation\"><span class=\"C9DxTc \">GloBIAS aims to exchange ideas and seek input from the large knowledge base already around.\u00a0<\/span><\/p>\n<\/li>\n<li class=\"zfr3Q TYR86d lsiHE \" dir=\"ltr\">\n<p class=\"zfr3Q CDt4Ke \" dir=\"ltr\" role=\"presentation\"><span class=\"C9DxTc \">The communication channels on X and YouTube will be mutually linked between NEUBIAS and GloBIAS but will remain separate channels. GloBIAS will create its own webpage and link it to the NEUBIAS webpage, which will continue to exist.<\/span><\/p>\n<\/li>\n<li class=\"zfr3Q TYR86d lsiHE \" dir=\"ltr\">\n<p class=\"zfr3Q CDt4Ke \" dir=\"ltr\" role=\"presentation\"><span class=\"C9DxTc \">All people interested and involved will be regularly updated, at least quarterly, regarding the actions and plans of GloBIAS via several channels (e.g. LinkedIn, webpage, email newsletters, etc.) to share the progress of the preparation of GloBIAS society.<\/span><\/p>\n<\/li>\n<li class=\"zfr3Q TYR86d lsiHE \" dir=\"ltr\">\n<p class=\"zfr3Q CDt4Ke \" dir=\"ltr\" role=\"presentation\"><span class=\"C9DxTc \">\u00a0The members of NEUBIAS commit to coordinate with GloBIAS members to avoid scheduling of overlapping activities and both, GloBIAS and NEUBIAS, commit to maintain a mutually open communication, to avoid duplication of effort and concentrate resources on the achievement of common goals.\u00a0\u00a0<\/span><\/p>\n<\/li>\n<\/ol>\n<p class=\"zfr3Q CDt4Ke \" dir=\"ltr\"><span class=\"C9DxTc \">\u00a0<\/span><\/p>\n<p class=\"zfr3Q CDt4Ke \" dir=\"ltr\"><span class=\"C9DxTc \">Subscribers:<\/span><\/p>\n<p class=\"zfr3Q CDt4Ke \" dir=\"ltr\"><span class=\"C9DxTc \">Rocco D\u2019Antuono, Julia Fern\u00e1ndez-Rodr\u00edguez, Christa Walther, Graeme Ball, Sebastian Munck, Romain Guiet, Paula Sampaio, Christian Tischer, Beth Cimini, Ofra Golani, Simon F. N\u00f8rrelykke, Mafalda Sousa, Elnaz Fazeli, Florian Levet, Kota Miura, Clara Prats, Robert Haase, Chong Zhang, Perrine Paul-Gilloteaux, Anna Klemm, Bram van den Broek, Fabrice Cordeliers, Aymeric d\u2019H\u00e9rou\u00ebl, Julien Colombelli<\/span><span class=\"C9DxTc \">, Nata\u0161a Sladoje<\/span><span class=\"C9DxTc \">,\u00a0<\/span><span class=\"C9DxTc \">S\u00e9bastien Tosi, Rapha\u00ebl Mar\u00e9e, Peter Horvath<\/span><\/p>\n","protected":false},"excerpt":{"rendered":"<p>Common Statement about the relationship of GloBIAS and NEUBIAS &nbsp; The Global BioImage Analysts\u2019 Society (GloBIAS) is a non-profit association currently in preparation. It aims to officially launch as a registered society in the next 2 years, and to become a worldwide scientific society for everyone interested in bioimage analysis.\u00a0 This project is based on the successful initiative &#8220;Network of European Bioimage Analysts&#8221; (NEUBIAS), started in 2016 and supported through COST Action #15124. GloBIAS aims [&hellip;]<\/p>\n","protected":false},"author":11,"featured_media":0,"parent":3096,"menu_order":0,"comment_status":"closed","ping_status":"closed","template":"","meta":[],"yoast_head":"<!-- This site is optimized with the Yoast SEO plugin v20.6 - https:\/\/yoast.com\/wordpress\/plugins\/seo\/ -->\n<title>Common Statement GloBIAS and NEUBIAS - NEUBIAS: Network of BioImage Analysts<\/title>\n<meta name=\"robots\" content=\"index, follow, max-snippet:-1, max-image-preview:large, max-video-preview:-1\" \/>\n<link rel=\"canonical\" href=\"https:\/\/eubias.org\/NEUBIAS\/resources\/common-statement-globias-and-neubias\/\" \/>\n<meta name=\"twitter:label1\" content=\"Est. reading time\" \/>\n\t<meta name=\"twitter:data1\" content=\"5 minutes\" \/>\n<script type=\"application\/ld+json\" class=\"yoast-schema-graph\">{\"@context\":\"https:\/\/schema.org\",\"@graph\":[{\"@type\":\"WebPage\",\"@id\":\"https:\/\/eubias.org\/NEUBIAS\/resources\/common-statement-globias-and-neubias\/\",\"url\":\"https:\/\/eubias.org\/NEUBIAS\/resources\/common-statement-globias-and-neubias\/\",\"name\":\"Common Statement GloBIAS and NEUBIAS - NEUBIAS: Network of BioImage Analysts\",\"isPartOf\":{\"@id\":\"https:\/\/eubias.org\/NEUBIAS\/#website\"},\"datePublished\":\"2024-01-30T20:39:06+00:00\",\"dateModified\":\"2024-01-30T20:39:06+00:00\",\"breadcrumb\":{\"@id\":\"https:\/\/eubias.org\/NEUBIAS\/resources\/common-statement-globias-and-neubias\/#breadcrumb\"},\"inLanguage\":\"en-US\",\"potentialAction\":[{\"@type\":\"ReadAction\",\"target\":[\"https:\/\/eubias.org\/NEUBIAS\/resources\/common-statement-globias-and-neubias\/\"]}]},{\"@type\":\"BreadcrumbList\",\"@id\":\"https:\/\/eubias.org\/NEUBIAS\/resources\/common-statement-globias-and-neubias\/#breadcrumb\",\"itemListElement\":[{\"@type\":\"ListItem\",\"position\":1,\"name\":\"Accueil\",\"item\":\"https:\/\/eubias.org\/NEUBIAS\/\"},{\"@type\":\"ListItem\",\"position\":2,\"name\":\"Resources\",\"item\":\"https:\/\/eubias.org\/NEUBIAS\/resources\/\"},{\"@type\":\"ListItem\",\"position\":3,\"name\":\"Common Statement GloBIAS and NEUBIAS\"}]},{\"@type\":\"WebSite\",\"@id\":\"https:\/\/eubias.org\/NEUBIAS\/#website\",\"url\":\"https:\/\/eubias.org\/NEUBIAS\/\",\"name\":\"NEUBIAS: Network of BioImage Analysts\",\"description\":\"The Network of European BioImage Analysts to advance life science imaging\",\"potentialAction\":[{\"@type\":\"SearchAction\",\"target\":{\"@type\":\"EntryPoint\",\"urlTemplate\":\"https:\/\/eubias.org\/NEUBIAS\/?s={search_term_string}\"},\"query-input\":\"required name=search_term_string\"}],\"inLanguage\":\"en-US\"}]}<\/script>\n<!-- \/ Yoast SEO plugin. -->","yoast_head_json":{"title":"Common Statement GloBIAS and NEUBIAS - NEUBIAS: Network of BioImage Analysts","robots":{"index":"index","follow":"follow","max-snippet":"max-snippet:-1","max-image-preview":"max-image-preview:large","max-video-preview":"max-video-preview:-1"},"canonical":"https:\/\/eubias.org\/NEUBIAS\/resources\/common-statement-globias-and-neubias\/","twitter_misc":{"Est. reading time":"5 minutes"},"schema":{"@context":"https:\/\/schema.org","@graph":[{"@type":"WebPage","@id":"https:\/\/eubias.org\/NEUBIAS\/resources\/common-statement-globias-and-neubias\/","url":"https:\/\/eubias.org\/NEUBIAS\/resources\/common-statement-globias-and-neubias\/","name":"Common Statement GloBIAS and NEUBIAS - NEUBIAS: Network of BioImage Analysts","isPartOf":{"@id":"https:\/\/eubias.org\/NEUBIAS\/#website"},"datePublished":"2024-01-30T20:39:06+00:00","dateModified":"2024-01-30T20:39:06+00:00","breadcrumb":{"@id":"https:\/\/eubias.org\/NEUBIAS\/resources\/common-statement-globias-and-neubias\/#breadcrumb"},"inLanguage":"en-US","potentialAction":[{"@type":"ReadAction","target":["https:\/\/eubias.org\/NEUBIAS\/resources\/common-statement-globias-and-neubias\/"]}]},{"@type":"BreadcrumbList","@id":"https:\/\/eubias.org\/NEUBIAS\/resources\/common-statement-globias-and-neubias\/#breadcrumb","itemListElement":[{"@type":"ListItem","position":1,"name":"Accueil","item":"https:\/\/eubias.org\/NEUBIAS\/"},{"@type":"ListItem","position":2,"name":"Resources","item":"https:\/\/eubias.org\/NEUBIAS\/resources\/"},{"@type":"ListItem","position":3,"name":"Common Statement GloBIAS and NEUBIAS"}]},{"@type":"WebSite","@id":"https:\/\/eubias.org\/NEUBIAS\/#website","url":"https:\/\/eubias.org\/NEUBIAS\/","name":"NEUBIAS: Network of BioImage Analysts","description":"The Network of European BioImage Analysts to advance life science imaging","potentialAction":[{"@type":"SearchAction","target":{"@type":"EntryPoint","urlTemplate":"https:\/\/eubias.org\/NEUBIAS\/?s={search_term_string}"},"query-input":"required name=search_term_string"}],"inLanguage":"en-US"}]}},"_links":{"self":[{"href":"https:\/\/eubias.org\/NEUBIAS\/wp-json\/wp\/v2\/pages\/9466"}],"collection":[{"href":"https:\/\/eubias.org\/NEUBIAS\/wp-json\/wp\/v2\/pages"}],"about":[{"href":"https:\/\/eubias.org\/NEUBIAS\/wp-json\/wp\/v2\/types\/page"}],"author":[{"embeddable":true,"href":"https:\/\/eubias.org\/NEUBIAS\/wp-json\/wp\/v2\/users\/11"}],"replies":[{"embeddable":true,"href":"https:\/\/eubias.org\/NEUBIAS\/wp-json\/wp\/v2\/comments?post=9466"}],"version-history":[{"count":2,"href":"https:\/\/eubias.org\/NEUBIAS\/wp-json\/wp\/v2\/pages\/9466\/revisions"}],"predecessor-version":[{"id":9468,"href":"https:\/\/eubias.org\/NEUBIAS\/wp-json\/wp\/v2\/pages\/9466\/revisions\/9468"}],"up":[{"embeddable":true,"href":"https:\/\/eubias.org\/NEUBIAS\/wp-json\/wp\/v2\/pages\/3096"}],"wp:attachment":[{"href":"https:\/\/eubias.org\/NEUBIAS\/wp-json\/wp\/v2\/media?parent=9466"}],"curies":[{"name":"wp","href":"https:\/\/api.w.org\/{rel}","templated":true}]}}